38 + p. Is x composite?
True
Let q be (8/6 + -1)/((-28)/168). Is q/(-4)*(-58036)/(-11) a prime number?
False
Is -129*38992/48*(-1)/((-5)/(-5)) prime?
False
Let h(z) = 134*z**3 - 2*z**2 + 2*z - 1. Let q = 21 - 10. Suppose -2*b - 9 = -q. Is h(b) a prime number?
False
Let l(q) = q**2 + 7*q + 9. Let t be l(-8). Suppose -13*c + 766 = -352. Let m = t + c. Is m composite?
False
Suppose 5*a - f - 284 = 10*a, -3*a + f = 164. Let s = -54 - a. Suppose -4*r + s*j = -124, -4*j + 93 = 3*r + j. Is r composite?
False
Let z(x) = -11548*x + 685. Is z(-22) prime?
True
Suppose -37 - 9 = -23*t. Suppose -27*o + 3175 = -t*o. Is o composite?
False
Suppose -13558711 = 83*a - 48760920. Is a a prime number?
False
Let z = -1019684 - -2390403. Is z prime?
False
Suppose 835*r - 861*r = -3483246. Is r a composite number?
True
Let m = 9599 - 2922. Is m a composite number?
True
Suppose 28*y + 164 = -60. Is -3 + (-28)/y - 27942/(-12) a prime number?
False
Let b be (-36)/(-14) + (-48)/84. Let f(y) = 8*y**3 + 3*y - 3. Is f(b) composite?
False
Let i(j) = j**3 + 6*j**2 - 9*j - 2. Let y be i(-6). Is (-13)/y + (-2 - (-40650)/8) a prime number?
False
Let s = 48 - 0. Suppose s*q + 7135 = 49*q - u, -3*q = 3*u - 21381. Is q prime?
False
Suppose -j = -6*j + 115. Let h = 26 - j. Is 479/h - (-2)/(-3) a composite number?
True
Let p be 7890/(-4)*(-68)/(-102). Let i = -869 - p. Is i composite?
True
Let o = -142 + 269. Let d = o + -85. Suppose d = 2*u + 4*q, -u + 2*q + 21 = -0*u. Is u a prime number?
False
Suppose 3992 = 4*n - 4708. Suppose 0 = 4*y + 4*a - 8764, -2*y + 5*a = -3*y + n. Suppose -17*o - y = -22*o. Is o a composite number?
False
Let i = 216 - -1836. Suppose 3*d = i - 159. Is d composite?
False
Suppose -1 = -i, 2*o + 11*i - 12*i = 66913. Is o a composite number?
False
Let v(q) be the second derivative of -157*q**3/3 + 59*q**2/2 + 70*q. Is v(-6) composite?
True
Let y(q) be the second derivative of 53*q**4/4 - 2*q**3/3 + 60*q. Is y(7) composite?
True
Suppose 3*m - 502517 = 2*y, m = 67*y - 68*y + 167499. Is m prime?
False
Let d = 1128852 - -697859. Is d a prime number?
True
Let f(q) be the third derivative of -3*q**6/40 - 7*q**5/30 + q**4/12 + 3*q**3/2 + 225*q**2. Is f(-16) a prime number?
False
Let c be 1435 + (-3)/((-9)/6)*1. Let j = -323 + c. Suppose 0 = -2*d - d - 4*s + 1621, 4*s = 2*d - j. Is d prime?
True
Suppose -4*d + 146562 = -2*q, 4*q + 98 - 102 = 0. Is d a prime number?
False
Let w = -42 + 45. Suppose 3*c + 4*x - 10 = 0, -2 = -5*c + 5*x + w. Suppose -1676 = -5*i + f, 2*i - 1673 = -3*i - c*f. Is i composite?
True
Suppose -385*c - 139964 = -763413 - 467256. Is c a prime number?
True
Suppose -13*g - 50 = -8*g. Let t be ((-45)/g*1)/((-2)/(-12)). Suppose -23*s = -t*s + 1676. Is s a prime number?
True
Let w(q) = -486*q**3 + 12*q**2 - 5*q + 3. Let j be w(-5). Suppose -j = -22*a - 13140. Is a a composite number?
False
Suppose 0 = -108*t + 106*t. Suppose -27*d + 29*d + 8 = t. Is (-1)/d + 55713/12 prime?
True
Let q(b) = -187994*b + 237. Is q(-1) prime?
False
Let l(v) = -1908*v - 31. Suppose 4*r - x = -8 - 3, 0 = r - 5*x - 21. Is l(r) a composite number?
True
Suppose -5*k + 4*r + 204385 = 0, 133*r = -2*k + 128*r + 81754. Is k prime?
False
Let m be (15/(-10) + 9)*4/(-6). Is 1/m*(-8193 + 8) a composite number?
False
Let a = 142 - 145. Is (-112)/(-42)*(76662/(-8))/a a prime number?
False
Suppose 4*j + 18 = 3*o - 5*o, -j - 5*o + 18 = 0. Let h(s) = s**2 + 9*s + 14. Let f be h(j). Is (-26050)/(-14) + f - (-4)/14 composite?
False
Let c = -4 + -13. Let n be (-1)/(4 + c/4). Suppose -n*g - 6*i + 7*i = -4550, -2*g + 2282 = -4*i. Is g prime?
False
Let s(c) = -1040*c + 2133. Is s(-22) a composite number?
False
Suppose 0 = -n - v + 8, 0*n + v + 1 = 2*n. Suppose -r + n*q + 66941 = 4*r, r = -3*q + 13381. Is r a prime number?
False
Let y(z) = -z**3 + 204*z**2 + 79*z - 245. Is y(76) a composite number?
True
Let q = -18891 + 9789. Let k = q - -15905. Is k a prime number?
True
Let h(r) be the first derivative of -2*r**2 - 17*r - 26*r**2 + 16*r + 15. Is h(-6) composite?
True
Let d be ((-18)/27)/(6/(-135)). Suppose -13*l = -d*l + 914. Is l prime?
True
Suppose -30*m + 25 = -25*m, 5*m = 4*k - 2254491. Is k a prime number?
False
Suppose -2*o + 3*t + 32 = -9, 2*t - 68 = -3*o. Suppose 6*d - 42308 = -o*d. Is d prime?
True
Let n(f) = 3*f**2 + 14*f. Let x be n(-5). Suppose x*k - 5*m = 1785, -4*m = -3*k + 7*k - 1452. Suppose -5*i + 1452 = 3*r, 2*r + 3*i - 607 = k. Is r prime?
True
Let c be 8/6*3*82/(-4). Let b = c - -58. Let s(w) = -w**2 - 30*w - 17. Is s(b) a composite number?
False
Let b be (-2)/(-10) - 2268/315. Let a(r) = -r**3. Let k(o) = -4*o**3 + 4*o**2 + 10*o + 6. Let w(l) = 5*a(l) - k(l). Is w(b) prime?
True
Let d = 62693 + -9480. Is d a prime number?
False
Suppose 4*d - 12 = 0, -4*s + 106199 = 26*d - 25*d. Is s composite?
True
Suppose 9 = -7*d + 10*d. Suppose -2*k = d*p - 2633, -4*p - k - 613 = -4122. Is p composite?
False
Suppose 13 = 4*x + 5. Suppose -3*c = -x*g + 694, 0 = 3*g + 5*c - 490 - 513. Let z = g - -5. Is z composite?
True
Let l(c) = -417*c + 6. Let f(h) = -418*h + 7. Let p(b) = -3*f(b) + 4*l(b). Let s be p(-7). Suppose -s = 4*j - 7*j. Is j a prime number?
True
Let d(k) = 620*k + 271. Is d(17) a composite number?
True
Let k(p) = 5056*p - 3637. Is k(48) a composite number?
True
Let j(v) = -v**3 + 21*v**2 + 25*v + 54. Let t be j(22). Let n = 549 + t. Is n a prime number?
False
Let q be (-2)/2 - (-9)/(45/1060). Suppose -4*a + 4*v + 1034 = -242, a + 5*v - 337 = 0. Let u = a - q. Is u a prime number?
False
Let p(m) = -273*m**3 - 3*m**2 + 17*m + 138. Is p(-7) a prime number?
False
Suppose -5*h + 4*j + 385925 = 0, h - 77209 = -13*j + 9*j. Is h a prime number?
False
Let j(y) = y**2 + 25*y + 85. Let s be j(-3). Suppose 3*z = z. Suppose 2*k - s*k + 2159 = z. Is k a prime number?
True
Let g(i) = 3*i**2 + 3*i - 4. Let r be (16/48)/((-1)/(-12)). Let d be g(r). Let t = d + 135. Is t a prime number?
True
Let r = 854 + -847. Suppose -14 + 2 = -3*s, 1266 = 2*w - s. Suppose 2*m - r*m = -w. Is m a prime number?
True
Let i = 10882 + -4875. Is i a composite number?
False
Let a(s) = 216*s**2 - 6*s + 5. Let h be a(2). Let z = 1608 - h. Is z composite?
False
Let t(r) = -22*r**3 + 2*r**2 + 3. Let u = 100 - 92. Suppose u*c + 25 = 9. Is t(c) prime?
False
Suppose 4*i - 31880 = v, -2*v = i + 1315 - 9294. Is i a composite number?
True
Suppose 0 = -3*t + 409 - 493. Is t/4*(-106093)/91 a composite number?
False
Let c be (-5)/(-25) + 24/5. Suppose 0 = 9*x - c*x - 3596. Suppose 4*d - x = -5*i, 0 = 5*i + 5. Is d a composite number?
True
Let u be ((-388)/(-16) - 2)*(311 + 5). Let x = 12622 - u. Is x a composite number?
False
Is (293988/24)/((-8)/(-10 - 6)) a prime number?
True
Let b(c) = -13855*c - 7977. Is b(-62) a prime number?
True
Let c(r) = -8*r**2 - 11*r + 49. Let k be c(4). Let z = 3492 + k. Is z prime?
False
Is 17477 + -1 + 29 + -42 a composite number?
True
Suppose u = 39 - 35. Suppose 3*j - 3*t - 42 = 0, -2*j + u*t = 8*t - 28. Let i(y) = 7*y**2 - 11. Is i(j) prime?
True
Suppose 0 = -3*k + 490 - 157. Let u = -63 + k. Suppose 51*v - u*v - 186 = 0. Is v prime?
False
Let g(h) = 6*h**3 - 5*h**2 - 9*h - 6. Let s(p) = -5*p**3 + 6*p**2 + 11*p + 7. Let r(n) = 4*g(n) + 3*s(n). Is r(7) composite?
True
Suppose -290*v + 8813 = -289*v. Is v composite?
True
Let r(u) = u**3 + 7*u**2 - u - 3. Let f be r(-7). Suppose -2*c + 1 = -c, 1 = 3*y + f*c. Let x(p) = -307*p**3 - p**2 - 2*p - 1. Is x(y) prime?
True
Let d = 176 - 169. Let r(w) = 3*w**2 - 2*w + 1. Let g(i) = -10*i**2 + 6*i - 2. Let f(k) = -4*g(k) - 11*r(k). Is f(d) a prime number?
False
Suppose 56*p + 72*p - 9528448 = 0. Is p composite?
False
Let i(v) = 2*v + 8. Let n be i(-3). Suppose -l - 1 = b - 0, n*l - 5*b = -16. Is (-1)/l + 5728/6 composite?
True
Let f = 41 + -27. Is 4/f + ((-36130)/(-14) - -10) a composite number?
False
Suppose -20*v + 55 = -25. Suppose a + 2*p - 26305 = -2*p, -2*a = -v*p - 52622. Is a prime?
True
Let a(u) = -u**3 + 70*u**2 - 46*u + 61. Let y be a(37). Suppose -4*c + 2*f = -y, 3*c - 5*c + 3*f + 21772 = 0. Is c a composite number?
False
Suppose 51*g + 1093102 + 2255117 = 72*g. Is g prime?
False
Suppose 4*f = 3*m - 88 + 10, 5*m = -4*f - 94. Let p(k) = k**3 + 23*k**2 + 24*k + 3. Is p(f) a prime number?
False
Suppose -97150 = -10*d + 777420. Suppose -12*w - 14